{"id":62,"date":"2021-03-18T07:19:02","date_gmt":"2021-03-18T07:19:02","guid":{"rendered":"https:\/\/mcch.ch\/?page_id=62"},"modified":"2024-11-22T19:42:20","modified_gmt":"2024-11-22T18:42:20","slug":"about","status":"publish","type":"page","link":"https:\/\/www.mcch.ch\/index.php\/about\/","title":{"rendered":"About"},"content":{"rendered":"\t\t<div data-elementor-type=\"wp-page\" data-elementor-id=\"62\" class=\"elementor elementor-62\">\n\t\t\t\t\t\t<section class=\"elementor-section elementor-top-section elementor-element elementor-element-de593d0 elementor-section-height-full elementor-section-stretched elementor-section-boxed elementor-section-height-default elementor-section-items-middle\" data-id=\"de593d0\" data-element_type=\"section\" data-e-type=\"section\" data-settings=\"{&quot;stretch_section&quot;:&quot;section-stretched&quot;,&quot;background_background&quot;:&quot;classic&quot;}\">\n\t\t\t\t\t\t<div class=\"elementor-container elementor-column-gap-wider\">\n\t\t\t\t\t<div class=\"elementor-column elementor-col-100 elementor-top-column elementor-element elementor-element-8732175\" data-id=\"8732175\" data-element_type=\"column\" data-e-type=\"column\" data-settings=\"{&quot;background_background&quot;:&quot;classic&quot;}\">\n\t\t\t<div class=\"elementor-widget-wrap elementor-element-populated\">\n\t\t\t\t\t\t<section class=\"elementor-section elementor-inner-section elementor-element elementor-element-690c700 elementor-section-full_width elementor-section-height-default elementor-section-height-default\" data-id=\"690c700\" data-element_type=\"section\" data-e-type=\"section\">\n\t\t\t\t\t\t<div class=\"elementor-container elementor-column-gap-default\">\n\t\t\t\t\t<div class=\"elementor-column elementor-col-100 elementor-inner-column elementor-element elementor-element-5f172aa\" data-id=\"5f172aa\" data-element_type=\"column\" data-e-type=\"column\">\n\t\t\t<div class=\"elementor-widget-wrap elementor-element-populated\">\n\t\t\t\t\t\t<div class=\"elementor-element elementor-element-b8ae6ed animated-slow elementor-widget__width-inherit elementor-invisible elementor-widget elementor-widget-text-editor\" data-id=\"b8ae6ed\" data-element_type=\"widget\" data-e-type=\"widget\" data-settings=\"{&quot;_animation&quot;:&quot;fadeIn&quot;,&quot;_animation_delay&quot;:600}\" data-widget_type=\"text-editor.default\">\n\t\t\t\t<div class=\"elementor-widget-container\">\n\t\t\t\t\t\t\t\t\t<p><span style=\"color: #a8b5b2;\">L\u2019entreprise M.C.C.H cr\u00e9e en 2017, est devenue en 2022,<br \/>M.C.C.H S\u00e0rl.<br \/>Bas\u00e9e \u00e0 la Chaux-de-Fonds, au c\u0153ur de la cit\u00e9 horlog\u00e8re,<br \/>sous la direction de Laurent PIERREL, elle est en mesure<br \/>d\u2019offrir des services r\u00e9pondants aux besoins de grandes<br \/>entreprises suisses de renom comme \u00e0 des plus petites<br \/>entreprises.<br \/><\/span><\/p><p>Active dans la sous-traitance des industries du taillage et du roulage, principalement dans le domaine horloger, MCCH est \u00e9galement en mesure d&rsquo;assurer la formation th\u00e9orique et pratique de ces activit\u00e9s par la r\u00e9vision et l&rsquo;automatisation des machines correspondantes.<\/p><p><span style=\"color: #a8b5b2;\">Ses 20 ans d\u2019exp\u00e9rience dans le m\u00e9tier ont valu \u00e0 L.PIERREL de se d\u00e9placer dans plusieurs entreprises \u00e9trang\u00e8res : en Russie, en Chine, en Inde, en Allemagne\u2026.qui ont fait appel \u00e0 lui, pour son savoir faire.<br \/>Sa force est d\u2019allier ses qualit\u00e9s de flexibilit\u00e9, de polyvalence et de respect des d\u00e9lais.<br \/><\/span><\/p>\t\t\t\t\t\t\t\t<\/div>\n\t\t\t\t<\/div>\n\t\t\t\t\t<\/div>\n\t\t<\/div>\n\t\t\t\t\t<\/div>\n\t\t<\/section>\n\t\t\t\t\t<\/div>\n\t\t<\/div>\n\t\t\t\t\t<\/div>\n\t\t<\/section>\n\t\t\t\t<\/div>\n\t\t","protected":false},"excerpt":{"rendered":"<p>L\u2019entreprise M.C.C.H cr\u00e9e en 2017, est devenue en 2022,M.C.C.H S\u00e0rl.Bas\u00e9e \u00e0 la Chaux-de-Fonds, au c\u0153ur de la cit\u00e9 horlog\u00e8re,sous la direction de Laurent PIERREL, elle est<span class=\"excerpt-hellip\"> [\u2026]<\/span><\/p>\n","protected":false},"author":1,"featured_media":879,"parent":0,"menu_order":0,"comment_status":"open","ping_status":"closed","template":"","meta":{"footnotes":""},"class_list":["post-62","page","type-page","status-publish","has-post-thumbnail","hentry"],"_links":{"self":[{"href":"https:\/\/www.mcch.ch\/index.php\/wp-json\/wp\/v2\/pages\/62","targetHints":{"allow":["GET"]}}],"collection":[{"href":"https:\/\/www.mcch.ch\/index.php\/wp-json\/wp\/v2\/pages"}],"about":[{"href":"https:\/\/www.mcch.ch\/index.php\/wp-json\/wp\/v2\/types\/page"}],"author":[{"embeddable":true,"href":"https:\/\/www.mcch.ch\/index.php\/wp-json\/wp\/v2\/users\/1"}],"replies":[{"embeddable":true,"href":"https:\/\/www.mcch.ch\/index.php\/wp-json\/wp\/v2\/comments?post=62"}],"version-history":[{"count":109,"href":"https:\/\/www.mcch.ch\/index.php\/wp-json\/wp\/v2\/pages\/62\/revisions"}],"predecessor-version":[{"id":1057,"href":"https:\/\/www.mcch.ch\/index.php\/wp-json\/wp\/v2\/pages\/62\/revisions\/1057"}],"wp:featuredmedia":[{"embeddable":true,"href":"https:\/\/www.mcch.ch\/index.php\/wp-json\/wp\/v2\/media\/879"}],"wp:attachment":[{"href":"https:\/\/www.mcch.ch\/index.php\/wp-json\/wp\/v2\/media?parent=62"}],"curies":[{"name":"wp","href":"https:\/\/api.w.org\/{rel}","templated":true}]}}